{"id":2,"date":"2024-01-21T14:06:01","date_gmt":"2024-01-21T14:06:01","guid":{"rendered":"https:\/\/bloecktach.de\/?page_id=2"},"modified":"2025-07-24T16:44:51","modified_gmt":"2025-07-24T16:44:51","slug":"startseite","status":"publish","type":"page","link":"https:\/\/bloecktach.de\/","title":{"rendered":"Bl\u00f6cktach:"},"content":{"rendered":"\t\t<div data-elementor-type=\"wp-page\" data-elementor-id=\"2\" class=\"elementor elementor-2\" data-elementor-post-type=\"page\">\n\t\t\t\t<div class=\"elementor-element elementor-element-65eb3cc e-flex e-con-boxed e-con e-parent\" data-id=\"65eb3cc\" data-element_type=\"container\">\n\t\t\t\t\t<div class=\"e-con-inner\">\n\t\t\t\t<div class=\"elementor-element elementor-element-51ca8dd elementor-widget elementor-widget-text-editor\" data-id=\"51ca8dd\" data-element_type=\"widget\" data-widget_type=\"text-editor.default\">\n\t\t\t\t<div class=\"elementor-widget-container\">\n\t\t\t\t\t\t\t\t\t<p><span class=\"wEvh0b\">Bl\u00f6cktach ist ein Ortsteil der Gemeinde Friesenried im schw\u00e4bischen Landkreis Ostallg\u00e4u. Das Pfarrdorf liegt etwa zwei Kilometer n\u00f6rdlich von Friesenried .. <a href=\"https:\/\/de.wikipedia.org\/wiki\/Bl\u00f6cktach\">mehr<\/a><\/span><\/p>\t\t\t\t\t\t\t\t<\/div>\n\t\t\t\t<\/div>\n\t\t\t\t\t<\/div>\n\t\t\t\t<\/div>\n\t\t<div class=\"elementor-element elementor-element-3426aa6d e-flex e-con-boxed e-con e-parent\" data-id=\"3426aa6d\" data-element_type=\"container\">\n\t\t\t\t\t<div class=\"e-con-inner\">\n\t\t\t\t<div class=\"elementor-element elementor-element-12a8ce71 elementor-widget elementor-widget-text-editor\" data-id=\"12a8ce71\" data-element_type=\"widget\" data-widget_type=\"text-editor.default\">\n\t\t\t\t<div class=\"elementor-widget-container\">\n\t\t\t\t\t\t\t\t\t\n<h2 class=\"wp-block-heading\">\u00c4lteste Siedlung im Allg\u00e4u?<\/h2>\n\n<p class=\"has-text-align-left has-white-color has-light-gray-background-color has-text-color has-background has-link-color has-regular-font-size wp-elements-087db27d13aaceb72e3b30915fce99a9\">Bl\u00f6cktach im mittleren Ostallg\u00e4u nahe der Wertach ist die m\u00f6glicherweise \u00e4lteste Siedlung der Region, seine Flur war sp\u00e4testens im 16. Jahrhundert v. Chr. bewohnt. Im Namen steckt das mittelhochdeutsche\u00a0<em>bletiche \u2013\u00a0<\/em>eine Bezeichnung vor allem f\u00fcr Ampfer, der im heutigen M\u00fchlbachtal wohl auff\u00e4llig reichlich wuchs.<br \/>1802\/03 wurde Bl\u00f6cktach mit seiner damaligen Herrschaft, dem F\u00fcrststift Kempten, Bayern einverleibt. 1818 bis 1839 geh\u00f6rte das Dorf zu Friesenried, anschlie\u00dfend war es, bis zur erneuten Eingemeindung dorthin 1978, eine eigene Landgemeinde.<br \/>Kirchlich blieb Bl\u00f6cktach \u00fcber Jahrhunderte eine Filiale der Klosterpfarrei Irsee. 1804\/05 kam es zu Friesenried, seit 1839 ist es pfarrlich selbst\u00e4ndig.<br \/>Die Zahl seiner Einwohner hat sich von 1810 (211) \u00fcber 1919 (320) bis 2024(482) mehr als verdoppelt. (E. T. Mader)<\/p>\n\n<p><br \/><em><a href=\"https:\/\/www.an-der-saege.de\" data-type=\"link\" data-id=\"https:\/\/www.an-der-saege.de\">Ernst T. Mader<strong>:\u00a0\u00a0 <br \/>Bl\u00f6cktach <br \/><\/strong>Kurze Notizen aus einer langen Geschichte. <br \/>Verlag an der S\u00e4ge 2020<\/a><\/em><\/p>\n\n<figure class=\"wp-block-gallery has-nested-images columns-default is-cropped wp-block-gallery-2 is-layout-flex wp-block-gallery-is-layout-flex\"><\/figure>\n\t\t\t\t\t\t\t\t<\/div>\n\t\t\t\t<\/div>\n\t\t\t\t\t<\/div>\n\t\t\t\t<\/div>\n\t\t<div class=\"elementor-element elementor-element-07dee1a e-flex e-con-boxed e-con e-parent\" data-id=\"07dee1a\" data-element_type=\"container\">\n\t\t\t\t\t<div class=\"e-con-inner\">\n\t\t\t\t<div class=\"elementor-element elementor-element-67477ac elementor-widget elementor-widget-text-editor\" data-id=\"67477ac\" data-element_type=\"widget\" data-widget_type=\"text-editor.default\">\n\t\t\t\t<div class=\"elementor-widget-container\">\n\t\t\t\t\t\t\t\t\t<p><strong>Wichtige Links :<\/strong><\/p>\n<p><a href=\"https:\/\/www.friesenried.de\">Gemeindeverwaltung Friesenried<\/a><\/p>\n<p><a href=\"https:\/\/www.dorfladen-friesenried.de\">Dorfladen Friesenried<\/a><\/p>\n<p><a href=\"https:\/\/www.buecherei-friesenried.de\">B\u00fccherei im Gemeindehaus<\/a><\/p>\n<p><a href=\"https:\/\/dorfaerztin.de\">Dorf\u00e4rztin<\/a><\/p>\n<p>\t\t<div class=\"embed-privacy-container is-disabled embed-www-fuck-band-de\" data-embed-id=\"oembed_cf297270fb171c67a1353355227228e1\" data-embed-provider=\"www-fuck-band-de\" style=\"aspect-ratio: 600\/338;\">\t\t\t\t\t\t<button type=\"button\" class=\"embed-privacy-enable screen-reader-text\">\u201e\u201e87654 Bl\u00f6cktach\u201c \u2014 F.U.C.K. - Die Band\u201c von www.fuck-band.de anzeigen<\/button>\t\t\t\t\t\t<div class=\"embed-privacy-overlay\">\t\t\t\t<div class=\"embed-privacy-inner\">\t\t\t\t\t\t\t<p>\t\tHier klicken, um den Inhalt von www.fuck-band.de anzuzeigen.\t\t<\/p>\t\t<p class=\"embed-privacy-input-wrapper\">\t\t\t<input id=\"embed-privacy-store-www-fuck-band-de-cf297270fb171c67a1353355227228e1\" type=\"checkbox\" value=\"1\" class=\"embed-privacy-input\" data-embed-provider=\"www-fuck-band-de\">\t\t\t<label for=\"embed-privacy-store-www-fuck-band-de-cf297270fb171c67a1353355227228e1\" class=\"embed-privacy-label\" data-embed-provider=\"www-fuck-band-de\">\t\t\t\tInhalt von www.fuck-band.de immer anzeigen\t\t\t<\/label>\t\t<\/p>\t\t\t\t\t\t<\/div>\t\t\t\t\t\t\t\t<div class=\"embed-privacy-footer\"><span class=\"embed-privacy-url\"><a href=\"https:\/\/www.fuck-band.de\/event\/bloecktach-2025-07-26\/\">\u201e\u201e87654 Bl\u00f6cktach\u201c \u2014 F.U.C.K. - Die Band\u201c direkt \u00f6ffnen<\/a><\/span><\/div>\t\t\t<\/div>\t\t\t\t\t\t<div class=\"embed-privacy-content\">\t\t\t\t<script>var _oembed_cf297270fb171c67a1353355227228e1 = '{\\\"embed\\\":\\\"&lt;blockquote class=&quot;wp-embedded-content&quot; data-secret=&quot;por3Y3eQAa&quot;&gt;&lt;a href=&quot;https:\\\\\/\\\\\/www.fuck-band.de\\\\\/event\\\\\/bloecktach-2025-07-26\\\\\/&quot;&gt;87654 Bl&ouml;cktach&lt;\\\\\/a&gt;&lt;\\\\\/blockquote&gt;&lt;iframe class=&quot;wp-embedded-content&quot; sandbox=&quot;allow-scripts&quot; security=&quot;restricted&quot; style=&quot;position: absolute; visibility: hidden;&quot; title=&quot;&amp;#8222;87654 Bl&ouml;cktach&amp;#8220; &amp;#8212; F.U.C.K. - Die Band&quot; src=&quot;https:\\\\\/\\\\\/www.fuck-band.de\\\\\/event\\\\\/bloecktach-2025-07-26\\\\\/embed\\\\\/#?secret=SzRPxmcs1z#?secret=por3Y3eQAa&quot; data-secret=&quot;por3Y3eQAa&quot; width=&quot;600&quot; height=&quot;338&quot; frameborder=&quot;0&quot; marginwidth=&quot;0&quot; marginheight=&quot;0&quot; scrolling=&quot;no&quot;&gt;&lt;\\\\\/iframe&gt;\\\"}';<\/script>\t\t\t<\/div>\t\t<\/div>\t\t<\/p>\t\t\t\t\t\t\t\t<\/div>\n\t\t\t\t<\/div>\n\t\t\t\t\t<\/div>\n\t\t\t\t<\/div>\n\t\t\t\t<\/div>\n\t\t","protected":false},"excerpt":{"rendered":"<p>Bl\u00f6cktach ist ein Ortsteil der Gemeinde Friesenried im schw\u00e4bischen Landkreis Ostallg\u00e4u. Das Pfarrdorf liegt etwa zwei Kilometer n\u00f6rdlich von Friesenried .. mehr \u00c4lteste Siedlung im Allg\u00e4u? Bl\u00f6cktach im mittleren Ostallg\u00e4u nahe der Wertach ist die m\u00f6glicherweise \u00e4lteste Siedlung der Region, seine Flur war sp\u00e4testens im 16. Jahrhundert v. Chr. bewohnt. Im Namen steckt das mittelhochdeutsche\u00a0bletiche [&hellip;]<\/p>\n","protected":false},"author":1,"featured_media":0,"parent":0,"menu_order":2,"comment_status":"closed","ping_status":"closed","template":"","meta":{"footnotes":""},"class_list":["post-2","page","type-page","status-publish","hentry","post-preview"],"_links":{"self":[{"href":"https:\/\/bloecktach.de\/index.php?rest_route=\/wp\/v2\/pages\/2"}],"collection":[{"href":"https:\/\/bloecktach.de\/index.php?rest_route=\/wp\/v2\/pages"}],"about":[{"href":"https:\/\/bloecktach.de\/index.php?rest_route=\/wp\/v2\/types\/page"}],"author":[{"embeddable":true,"href":"https:\/\/bloecktach.de\/index.php?rest_route=\/wp\/v2\/users\/1"}],"replies":[{"embeddable":true,"href":"https:\/\/bloecktach.de\/index.php?rest_route=%2Fwp%2Fv2%2Fcomments&post=2"}],"version-history":[{"count":62,"href":"https:\/\/bloecktach.de\/index.php?rest_route=\/wp\/v2\/pages\/2\/revisions"}],"predecessor-version":[{"id":247,"href":"https:\/\/bloecktach.de\/index.php?rest_route=\/wp\/v2\/pages\/2\/revisions\/247"}],"wp:attachment":[{"href":"https:\/\/bloecktach.de\/index.php?rest_route=%2Fwp%2Fv2%2Fmedia&parent=2"}],"curies":[{"name":"wp","href":"https:\/\/api.w.org\/{rel}","templated":true}]}}